 + 5 + 26
-3
What is the value of 0 - (11 - 33) - 55?
-33
Calculate -3 + (1 - 0) + (20 - 11 - 13).
-6
Evaluate -14 + 5 + 14 + -1 + (5 - 7).
2
What is the value of -20 - -50 - 82 - -34?
-18
(-17 - -1) + (-169 - -180)
-5
Calculate (0 + 8 - (26 - 24)) + -9.
-3
Evaluate 1 - 0 - 14 - (-6509 - -6515).
-19
Calculate (-720 - -739) + -2 + -13.
4
Calculate -13 + 1 + 17 - ((5 - 21) + 3).
18
What is the value of (14 - -6) + -13 - 14?
-7
Evaluate 24 + -18 + -6 - (-2 - (18 + 2)).
22
Evaluate 14 + -1 + -12 + 11 - 23.
-11
What is the value of -27 + 34 + (25 - 31)?
1
Calculate 7 - (2 - ((20 - 1) + -7)) - 0.
17
-7 + (11 - (11 - -6)) + 29 + -1
15
Evaluate (-35 - -24) + -1 + 18.
6
Evaluate 18 + (9 + 7 - 47).
-13
What is 3 + (-11 - (-1 + 0) - (1087 + -1065))?
-29
(7 + 9 - 18) + 1 + -6 + 1
-6
Calculate -1 + -2 + 1 + 2427 + -2440.
-15
What is the value of -24 + 59 + (-42 - -27)?
20
Calculate 9 + 8 + -4 - (-4 + 3).
14
What is -3 + 1 - (-18 - -8 - -8)?
0
Evaluate (9 - (-8 + 22 - 6)) + (2 - 16).
-13
Evaluate 3 - (1 - (2 - 0) - (-25 - -25)).
4
Evaluate 6 + -1 + 15 + -10 + -8 + 16.
18
What is the value of 0 + (1 + -6 - (4 - (4 - 12)))?
-17
Calculate (-12 - -3) + 6 + 1 + (0 - -6).
4
What is -24 + 40 + -3 + 6?
19
What is the value of (-20 + 17 - 9) + -1 + 2 + 3?
-8
What is (8 - -2) + -14 + -1 + 0 + -1?
-6
-8 + 0 - (42 - 35)
-15
7 - (-2 - (-12 + 1)) - -6
4
Calculate -10 + (-5 - -4 - (-3 - -3)).
-11
Calculate 8 - ((-14 - -3) + 15).
4
Calculate 12 + -11 - (3 - (7 + -13)).
-8
Calculate 5 - (5 + 3 + -7 + 6) - -5.
3
(-23 - 17) + 36 - ((1 - 0) + 1)
-6
Calculate 32 + -32 + -2 + 7 + -1 + -4.
0
9 - 7 - 12 - -11 - (-2 + 0)
3
Calculate (16 - (27 - 4)) + -2 + (7 - -3).
1
Calculate -6 + 2 + 2 - (13 - 17).
2
Evaluate (-6 - 13 - (1 - 5)) + -1 - -1.
-15
-4 + -11 - -4 - (84 + -79)
-16
What is -1 + 0 + 10 - 14 - 3?
-8
Evaluate -3 - (3 + 13 + -4 + -4).
-11
-3 - ((-1 - 11) + (-14 + 32 - 9))
0
21 - (14 + (-6 - 8) + 6)
15
Calculate (-78 - -85) + (1 - 37).
-29
8 + 6 - (1 - -1)
12
Calculate 0 + -1 + -9 + 1 + (-381 - -388).
-2
Evaluate (-34 - (-14 - 2)) + -8 + 0.
-26
-4 + 7 + -8 + 4 + -2 + 9
6
Evaluate (-12 - -22 - -6) + -40 + 1.
-23
-1 - -12 - (-2 - -9 - 7) - -3
14
Evaluate 19 + 0 + -2 - (-1277 - -1304).
-10
Evaluate 9 - (9 - (6 + -2 + 3)).
7
18 - (13 + (22 - 10))
-7
Evaluate 26 + -4 + 20 + -44 + 11.
9
13 + (0 + 3 + 0 - -5)
21
Evaluate -3 + 2 - (-36 + 1 + 20).
14
What is 5 + 35 + 1 + -12?
29
What is 7 - 9 - (-93 + 103)?
-12
What is the value of (-40 + 74 - 37) + -23?
-26
Evaluate 0 - ((1 - 10) + 7 + 6).
-4
Calculate 7 + -1 + 26 + (-45 - -6) - -22.
15
Calculate -2 + 0 + 2 - (5 - (4 + 1)).
0
0 + -10 + -1 + -1 - (20 - 23)
-9
-7 + 13 + (0 + -4 + -2 - -1)
1
Calculate -8 - (2 - (4 + -7 + 4 + 24)).
15
Calculate -19 + (18 - -18) - -7.
24
3 + -5 + -9 + 11 + 2
2
(29 - 15 - -35) + -35
14
-8 + 7 - (-5 + 9 - 6)
1
What is 59 + 1 + (70 - 101)?
29
-17 - (-14 + 10 + -10)
-3
What is the value of 11 + 3 - 5 - (21 + -23)?
11
2 - (0 + 1) - -24 - (-3767 - -3761)
31
What is 57 + -9 + 1 + -27?
22
-8 + -2 + 9 + (13 + -10 - 11)
-9
Evaluate (-37 - -13) + 11 - (11 + -15).
-9
What is the value of 5 + (-12 - -22 - (15 - 6))?
6
What is the value of 17 - ((12 - -1) + (-35 - -26))?
13
What is (0 - 0) + -5 + -9 + 21?
7
Evaluate -13 + -13 + 12 - 0.
-14
Calculate 1 - (-7 - (-1 - -3)).
10
What is the value of 6 - (-3 - -7 - (-2 - 1 - 0))?
-1
What is -11 + (4 - 1 - -7) - -10?
9
(-1 - (-12 - -3)) + -2 - (920 + -889)
-25
6 + (-8 - -3 - 8)
-7
Evaluate 11 + -1 + -4 + 3 + 2 - 9.
2
What is the value of -35 + -6 + 59 + 1 + 1 + -2?
18
What is -3 - ((6 - 11) + -3) - (2 - 1)?
4
What is the value of 0 - (-1 + 59 + -32)?
-26
Evaluate (3 - 4) + 11 - (1 - (33 - 43)).
-1
Calculate 1 + 3 - (-5 + -4 - 8).
21
What is -10 - -16 - (5 + (-4 - -5) + -1)?
1
Evaluate -21 + (0 - 3) + 13 + -4.
-15
What is (7 + -13 - -1) + -5 + 7 - 22?
-25
What is -39 - -68 - (-25 - -80)?
-26
-16 + (17 - 5) + -1
-5
Evaluate 67 + -55 - (13 + -8 + (42 - -5)).
-40
Evaluate 3 + (-2 + 4 + -1 - (191 - 191)).
4
Evaluate (11 + -15 - (-2 + 1)) + -2.
-5
Calculate (60 - (48 + -22)) + -16.
18
What is the value of -20 - -2 - (196 - 212)?
-2
Calculate 38 - (25 + 23) - -40.
30
(-17 - -6) + (52 - 46)
-5
Calculate (-3 - -4) + (-3 - (11 + -9)).
-4
What is (-8 - (3 - 1 - 18)) + -22?
-14
Calculate (-3 - -3) + 2 - (-2 + 5 - -4).
-5
Evaluate 0 + 3 + (2 + 30 - 30).
5
What is the value of (0 - 6) + (31 - 13) + 0?
12
What is the value of 3 - -3 - (29 + -18 + 1) - 0?
-6
What is (-15 - -1 - (-52 + 37)) + -18?
-17
What is the value of 1 + 24 - (12 + 18)?
-5
What is (-1 + -39 + 34 - (21 + 0)) + -2?
-29
What is (-4 - 3 - -3 - 5) + 4?
-5
-24 - (0 + (-11 - (4 - 7)))
-16
Evaluate (6 + -19 - 11) + 18.
-6
Evaluate 0 + 4 + 3 + (-167 - -160).
0
What is the value of 9 + (4 - -8 - 15) - 13?
-7
-16 + (16 - 15) + 8
-7
What is the value of -22 + -4 + 12 - -8?
-6
Evaluate 19 - (26 + (-17 - -23)).
-13
Calculate 1 - (14 + -10) - (1 + 4).
-8
What is the value of -19 + -1 + -16 + 36 + 3 + -8?
-5
Evaluate -1 + (-1 - 2) + 16 + -13.
-1
96 - 110 - (2 + -3)
-13
Calculate 2 - (3 - -4) - -8 - -4.
7
What is the value of -2 + (-3 + -2 - -1) + -5?
-11
What is (-7 - -17) + -1 + -4 + -12?
-7
What is 5 + -25 + 37 - -5?
22
Calculate 451 - 433 - (18 - 0).
0
Evaluate -4 + 0 + 10 + -204 + 200.
2
Evaluate (-2 - 2) + (-8 - -10) - (-10 + 1).
7
Calculate -21 + 4 - -11 - ((4 - 4) + 1).
-7
What is the value of 8 - 16 - ((34 - 23) + (8 - 3))?
-24
What is (-28 + -25 - 3) + 21?
-35
What is -1 - (3 + (-7 - (8 - 7)))?
4
Calculate -6 + 24 - (5 - -13).
0
What is the value of (3 - (-3 - 0) - 12) + -6?
-12
What is (-27 - (9 - 65)) + -62?
-33
Evaluate 5 + -2 + 8 - 5 - (5 - 12).
13
Calculate 7 + 2 - (5 + (-15 - -2)).
17
What is the value of 4 + ((14 - 7) + -10 - (-2 - 0))?
3
What is the value of 4 + (-8 - -2) + (-7 - -3) - 1?
-7
What is the value of -11 + -6 + (24 - 20) - 0?
-13
Evaluate 68 + -76 + (20 - 1).
11
-12 + -2 + 4 + (-4 - -3)
-11
Calculate 4 - (-17 + (-8 - -10 - -7)).
12
-3 + -2 + -7 + 9 - 3
-6
(19 - 41) + 24 - 4
-2
Calculate 45 - (6 - (-14 + 7)) - 13.
19
Calculate -7 + -4 + -21 + 6 + 23.
-3
1 - (12 + (6 - 5))
-12
What is 18 + 28 + 15 + -71?
-10
What is the value of (-14 + (2 - -3) - (-16 - -1)) + 24?
30
Evaluate (0 - 8) + (-6 - -5) + 1 - 7.
-15
Evaluate (7 - (2 + 0)) + 20 + -16.
9
What is the value of -10 + (-4 - -12) - (-13 - (4 + 1))?
16
Evaluate 5 - (-6 + -9) - 20.
0
What is 0 + (8 - -2) + 1?
11
What is 9 + -7 - (1 - 6)?
7
What is the value of 1 - -1 - (-7 + (-8 - -12))?
5
Calculate (-1 - -6 - 2) + (-4 - -19 - 12).
6
Evaluate ((7 - 11) + -7 - -10) + 34.
33
Evaluate 200 - 219 - (3 - -2).
-24
-12 + 5 + 0 - -10
3
What is 0 + 0 - (-18 + -16 + 17 + 12)?
5
-15 - -10 - -25 - 22
-2
Evaluate (79 - (1 - -26)) + -43.
9
What is the value of (-13 + 18 - (4 - 1)) + -5?
-3
14 + -8 + 4 - (-3 + 7 - 0)
6
Evaluate (-33 + 9 - -13) + -2 + -2 + -1.
-16
What is the value of -2 + 12 - -9 - 1?
18
Evaluate -4 - (5 - 24 - -10).
5
Calculate -7 - (-10 + (12 - -11) + -21).
1
What is -5 + -6 + 16 + 5 + -30?
-20
What is (-3 - 2) + 6 + (3 - 4)?
0
11 - (-3 + -2 + (-7 - -5) + 10)
8
Evaluate -8 + -1 + 2 + -12 + -7 + 25.
-1
What is (10 - -5) + -8 + 7?
14
Evaluate (3 + -3 + -5 - (-2 + 3)) + -7.
-13
28 + -17 + -10 - 0 - 0
1
What is 0 + 0 - (0 - -1 - (38 + -30))?
7
-6 + 2 + -6 - (0 - -1)
-11
Calculate 4 + (-11 - (1 - 14)) + -3.
3
What is the value of 53 + -48 + (-4 + 4 - 6)?
-1
What is 2 + 3 + -2 + (0 + -3 - -2)?
2
What is 241 + -235 - (2 - (0 - 0))?
4
-7 + (10 - (11 + -9)) - 11
-10
(8 - -21) + -11 - -8
26
Calculate 14 + 7 + -29 - (0 + -7).
-1
0 + (33 - (3 - (6 - 1))) - 9
26
-11 + -5 + -9 + 12
-13
Evaluate 6 + (-6 - -6) + 13 + (23 - 29).
13
Evaluate 2 + 1 + -11 + 4 + (3 - 0).
-1
Calculate (22 - 4 - 0) + (-3 - 2).
13
Calculate (-9 - -10) + -25 + 28.
4
What is the value of -23 + -8 + -3 + (10 - -6)?
-18
Calculate -36 + (-9 + 22 + -13 - -11).
-25
What is the value of 18 + -1 + -4 + -1?
12
Evaluate (-1 - 13) + 2 + 23.
11
Calculate 2 - (6 + (-3 + 1 - -5)).
-7
(-16 - -2) + 831 + -814
3
What is the value of 0 + -6 - (-7 + (2 - 10) - 7)?
16
What is -12 + (-6 - (-1 + -8) - (-3 + 2))?
-8
22 + (16 - 25) - 12
1
What is the value of 21 + -5 + -10 - (3 + -6 - -2)?
7
What is 1 + (-1 - -6) + -2?
4
Calculate 0 - (2 + (-1 - -1 - (-17 - -3))).
-16
Calculate 13 + -3 + -13 - ((2 - -1) + -5).
-1
Eva